 8*n + 10. Let q be a(7). Suppose -z - 3*i = -q, -3*z + 5*z - i = 6. What are the prime factors of z?
3
List the prime factors of (2 + (-1145)/(-30))*(3 + 3).
241
Let n = 61 + -34. List the prime factors of (n/(-6))/(3/(-4)).
2, 3
Let l be 1*(3 + -1 - 1). Let v(g) = -3*g**3 - g. Let u be v(l). List the prime factors of (u/8)/((-1)/18).
3
Let z(f) = -7*f + 3. List the prime factors of z(-3).
2, 3
Let b be (-6)/2 - (0 + 0). Let k(u) = -u**3 + u**2 + 3*u + 3. What are the prime factors of k(b)?
2, 3, 5
Let n(a) = -a**2 + 6*a - 1. Let p be n(5). Suppose 0 = p*l - 3*l - 19. List the prime factors of l.
19
Suppose 3*k - 47 = -5*p, -6*k + 2*k + 9 = -p. Suppose 0 = 2*o + 5*w - 4, 0 = 3*o + 4*w - p + 1. List the prime factors of o.
2
Let w = 59 - 29. What are the prime factors of w?
2, 3, 5
Let b(u) = 15*u - 1. Let o be b(5). Suppose 0 = -5*l + 11 + o. What are the prime factors of l?
17
Let f = 129 + -22. List the prime factors of f.
107
Let q be 1*(-3)/6*6. Let v(l) = -4 + l + l**2 + 5 - 2. List the prime factors of v(q).
5
Suppose -4*p + 173 = 1. Suppose -f - 4 = -p. What are the prime factors of f?
3, 13
Let n be ((-6)/4)/((-2)/12). Let f = -5 + n. Suppose -2*i + 8 = 6*k - f*k, 5*i - 4*k - 2 = 0. List the prime factors of i.
2
Suppose 2*f = -3*f + 45. Suppose 4*u - f = u. Suppose -b = -v + 1, -7*v = -3*v + u*b - 39. List the prime factors of v.
2, 3
Suppose 18*k = 15*k + 708. List the prime factors of k.
2, 59
Suppose -r + 3*x + 8 = 0, 0 = -4*r - 4*x + 11 + 85. Let t = r + -39. Let a = 0 - t. List the prime factors of a.
19
Suppose -6*a = -8*a + 6. Suppose 60 = 2*q + a*r - 46, 0 = -r + 4. List the prime factors of q.
47
Suppose 0 = -4*b - 0*b. Suppose b = -i - 4*i + 40. What are the prime factors of i?
2
What are the prime factors of (9/(-27))/((-1)/81)?
3
Let q(w) = 4*w - 4. Let s be q(5). Let b = s + -8. List the prime factors of b.
2
Let t(y) = -63*y - 32. List the prime factors of t(-6).
2, 173
Let h(r) = -5*r + 9*r - r + r - 1. Suppose x - 2 = -3*b + 6, 5*x - 10 = 0. List the prime factors of h(b).
7
Suppose -4*v + 16 = -0. Suppose 0 = -y + 4*b - 2, -v = -2*y + 3*b - 3. List the prime factors of y.
2
Let c(n) be the first derivative of n**3/3 + 3*n**2 - 6*n - 1. Suppose -5*w + w = 12, j + w = -11. List the prime factors of c(j).
2, 5
Suppose 0*f - 16 = -4*f. Suppose -11 = -k - r, r - 45 = -f*k - 2*r. List the prime factors of k.
2, 3
What are the prime factors of 511/5 + 5/(-25)?
2, 3, 17
Suppose -2*t = -4, -3*t + 2*t = 4*j + 214. What are the prime factors of -1 + j/(-3) + 1?
2, 3
Suppose a + 39 = 4*a. Let t = 31 + a. What are the prime factors of t?
2, 11
Let c(s) = -10*s**2 - s. Let k = 8 - 9. Let t be c(k). What are the prime factors of (-3)/t - 16/(-6)?
3
List the prime factors of 4/18 - (-5)/(-45)*-313.
5, 7
Let f = -16 + 39. Let t = -3 - f. List the prime factors of -1 - t - (5 - 2).
2, 11
List the prime factors of 1*(1 - -1) + 40.
2, 3, 7
Let l(i) = -i**3 + 7*i**2 + 9*i - 6. Let y be 1*24/(-15)*-5. Let v be l(y). Let s = 4 - v. What are the prime factors of s?
2
Suppose -2*g = -3*b - 285, -175 = -2*g + g - 5*b. List the prime factors of g.
2, 3, 5
Suppose 0 = 4*o + 4*d + 300, 3*o = d - 126 - 87. What are the prime factors of (-1)/2*o/2?
2, 3
Let g = -284 + 638. What are the prime factors of g?
2, 3, 59
Let i(j) = j**2 + 2*j - 2. Suppose -5*y + 0*y = -20. List the prime factors of i(y).
2, 11
Let c(s) = 22*s - 5. Let o(f) = 7*f - 2. Let x(w) = 3*c(w) - 8*o(w). Let k be x(-1). List the prime factors of (-5 - -2)*57/k.
19
Suppose 3 = -2*x - 1, 0 = k - x - 110. What are the prime factors of k?
2, 3
What are the prime factors of ((-574)/4)/(2 + 20/(-8))?
7, 41
Let v(s) = 10*s**2 + 2*s - 2. Let n be v(2). Suppose -3*z = -5*z + n. What are the prime factors of z?
3, 7
Suppose 0 = -0*l + 3*l - 42. Suppose 2*f - 3*b - 29 = 0, -f - 12 - 1 = 4*b. Suppose -l - f = -c. List the prime factors of c.
3, 7
Let x = 18 + -49. List the prime factors of (0 + 2)*x/(-2).
31
Suppose -46 = -v - 4*h, 3*h = -0*h + 9. What are the prime factors of v?
2, 17
Suppose 0 = -3*u - 0 + 6. Suppose -5*g - u = -3*n - 24, -3*g - 6 = 3*n. What are the prime factors of g?
2
Let h be (0 + 1)/((-1)/(-3)). Suppose -h*c = 5*i - 31, 3*i + c + 17 = 38. List the prime factors of (48/i)/(0 + 1).
2, 3
Let f = -22 - -31. Let n = 8 + f. List the prime factors of n.
17
Suppose 0*q - q + 3*g = -29, 0 = 5*g - 10. Suppose 4*i - 2*m = 1 + 63, 3*i + 5*m - q = 0. List the prime factors of i.
3, 5
Let x(v) = v - 8. Let r be x(5). Let z = r + 3. Suppose z = 4*k - k - 6. List the prime factors of k.
2
Let i(j) = 2*j**2 + 6*j. Let q(r) = -r**2 - 5*r. Let y(l) = 3*i(l) + 4*q(l). What are the prime factors of y(-2)?
2, 3
Let c be 5/(10/(-6)) - -7. Suppose 10*w - 5*w - 51 = -c*g, -2*w + 4*g + 26 = 0. What are the prime factors of w?
11
Let h(z) = -z - 1. Let x be h(-3). Suppose 3*u + u + 1 = j, j - u = 4. Suppose -x*d + j + 3 = 0. What are the prime factors of d?
2
Suppose q + 25 = 6*q. Suppose -u + 42 = -q*o, -u - 4*o + 42 = -0*o. Suppose -3*k + u = -3. List the prime factors of k.
3, 5
Let k be (-3 + 0)*(-10)/(-5). List the prime factors of k*(-1 + (-28)/12).
2, 5
Let m(k) = k**3 + 28*k**2 + 41*k + 22. List the prime factors of m(-26).
2, 7, 11
Suppose 2*z - 26 = 4*l, 2*z - 8 = l + 15. What are the prime factors of z?
11
Let a be 1/(1*(-2)/(-6)). Suppose w = k + 17, -a*k + 80 = 5*w + 3. List the prime factors of w.
2
Suppose -20 = -r + 6. What are the prime factors of r?
2, 13
Let b(o) = -o**2 + 3*o - 2. Let l be b(4). Let v(g) = g**2 + 4*g - 5. Let c be v(l). List the prime factors of (-185)/(-35) - 2/c.
5
Let p = 70 + -99. Let t = 53 + p. What are the prime factors of t?
2, 3
Let z = 13 - 8. Suppose b + 2 = 2*b + z*n, -15 = 3*n. List the prime factors of b.
3
What are the prime factors of 406/42 + 2/6?
2, 5
Let l(h) = h**3 + 12*h**2 + 9*h - 10. Let i be l(-11). Suppose -4*d + 12 = -i. What are the prime factors of d?
2, 3
List the prime factors of ((-6)/(-18))/(2/42).
7
Let y be 6 - (-4)/2 - 2. Let i be (3 + 3)/(y/81). List the prime factors of (i/36)/((-2)/(-8)).
3
Suppose 0 = -i - 5, 2 = s - 2*i + 7. List the prime factors of (s/(-20))/(1/24).
2, 3
Suppose -2*l + 116 = 2*c, -5*c - l = -c - 220. What are the prime factors of c?
2, 3
Let v(r) = -r**2 - 30*r - 20. List the prime factors of v(-29).
3
Suppose 0*y - y + 209 = x, 3*y + 2*x = 623. List the prime factors of y.
5, 41
Suppose -48 = -6*h + 54. List the prime factors of h.
17
Suppose w + 2*w = -57. Let c = w + 37. List the prime factors of c.
2, 3
Suppose 26 = 5*r - 2*b + 8, r + 2 = -b. Suppose 3*n = r*n. Suppose n = 4*p - 0 - 16. List the prime factors of p.
2
What are the prime factors of (-1 + 2 - -22) + 2?
5
Suppose 2*c + 0*x = -x + 9, c + 12 = 5*x. Suppose -2*j = 4*w - 16, -w - 5*j + 10 = c*w. What are the prime factors of w?
5
Suppose -3*w - 2*a + 0*a + 106 = 0, 0 = 5*w + 3*a - 176. What are the prime factors of w?
2, 17
Let c(m) = -m**3 + 4*m**2 + 3*m - 2. Suppose 9 = r + 2*r. Suppose 12 = r*b + d, -4*b + d - 3 = -19. List the prime factors of c(b).
2, 5
Let v = -116 + 132. What are the prime factors of v?
2
Suppose -4*a + 27 = -3*i, -54 = -5*a - i - 2*i. Let s(h) = h**3 - 3*h + 2 + a*h - 10*h**2 + 3*h**2 + 4. What are the prime factors of s(6)?
2, 3
Let u = 8 + -6. List the prime factors of (9/u)/(3/12).
2, 3
What are the prime factors of (0 - -114) + 5*(-8)/20?
2, 7
List the prime factors of (-20 + 7 + 1)*22/(-8).
3, 11
Let h(f) = -2*f + 1. Let y be h(-9). Let b = y - -8. What are the prime factors of b?
3
Let o = -4 + 6. Suppose 102 = o*s + s. List the prime factors of s.
2, 17
Let f(u) = -u + 1. What are the prime factors of f(-22)?
23
Let j = -2 + 13. List the prime factors of j + 3/((-6)/2).
2, 5
Suppose -19*s = -17*s - 2. What are the prime factors of 11/(-4)*-12*s?
3, 11
Let z(v) = v + 4. Let o be z(-9). Let q be 48/o*30/(-9). Suppose f + f = q. What are the prime factors of f?
2
Let z(g) = g - 8. Let t(k) = 6*k - 41. Let c(a) = -2*t(a) + 11*z(a). Let m be c(-5). What are the prime factors of (11*m)/((-3)/3)?
11
Suppose -2*p + 8 = 2*b, -1 = 4*p - 3*b - 3. Suppose 2*o = -p*a + 2, 4*a + 3*o = -a - 5. What are the prime factors of (-13)/2*8/a?
13
Suppose -4*u + 8 + 12 = 0. What are the prime factors of (-41 - u)/(1 - 3)?
23